remainder when 1114001 is divided by 7094.
243
Calculate the remainder when 37484713 is divided by 18742348.
17
Calculate the remainder when 92623015 is divided by 20.
15
What is the remainder when 3534940 is divided by 594?
46
Calculate the remainder when 7707 is divided by 2474.
285
Calculate the remainder when 320232 is divided by 4279.
3586
What is the remainder when 2358911 is divided by 48141?
2
Calculate the remainder when 1710123 is divided by 1638.
51
Calculate the remainder when 174303 is divided by 173531.
772
Calculate the remainder when 1547292 is divided by 773644.
4
Calculate the remainder when 20092774 is divided by 24.
22
Calculate the remainder when 16351276 is divided by 2725209.
22
What is the remainder when 6901024 is divided by 2639?
39
What is the remainder when 17108 is divided by 3824?
1812
What is the remainder when 3512677 is divided by 13?
12
What is the remainder when 297345 is divided by 305?
275
Calculate the remainder when 27207716 is divided by 13043.
18
What is the remainder when 15399 is divided by 1665?
414
Calculate the remainder when 50189 is divided by 252.
41
What is the remainder when 849150 is divided by 3066?
2934
What is the remainder when 2990722 is divided by 39349?
198
Calculate the remainder when 13314218 is divided by 270.
248
What is the remainder when 317663 is divided by 62849?
3418
Calculate the remainder when 4487640 is divided by 2243808.
24
Calculate the remainder when 99233 is divided by 24785.
93
What is the remainder when 1584601 is divided by 2?
1
Calculate the remainder when 5215395 is divided by 597.
3
What is the remainder when 339241 is divided by 861?
7
Calculate the remainder when 833310 is divided by 25.
10
What is the remainder when 39784 is divided by 515?
129
What is the remainder when 266458 is divided by 7011?
40
Calculate the remainder when 12923629 is divided by 12923542.
87
What is the remainder when 506549989 is divided by 13?
10
Calculate the remainder when 5415644 is divided by 101.
24
What is the remainder when 56592 is divided by 1710?
162
Calculate the remainder when 26168317 is divided by 95.
92
Calculate the remainder when 10903 is divided by 2023.
788
What is the remainder when 119273 is divided by 58467?
2339
Calculate the remainder when 14625559 is divided by 1428.
1411
Calculate the remainder when 16419940 is divided by 5473309.
13
What is the remainder when 1431005 is divided by 412?
129
Calculate the remainder when 277540 is divided by 19806.
256
Calculate the remainder when 1227949 is divided by 76739.
125
What is the remainder when 1769563 is divided by 589831?
70
What is the remainder when 24292197 is divided by 10?
7
Calculate the remainder when 136631 is divided by 32312.
7383
Calculate the remainder when 942676 is divided by 492.
4
Calculate the remainder when 33327276 is divided by 337.
335
What is the remainder when 137045835 is divided by 4420833?
12
What is the remainder when 1067803 is divided by 1362?
1357
Calculate the remainder when 309297 is divided by 3002.
91
What is the remainder when 107323 is divided by 25?
23
Calculate the remainder when 1291253 is divided by 3617.
3601
Calculate the remainder when 8862320 is divided by 8862306.
14
Calculate the remainder when 23234047 is divided by 258156.
7
Calculate the remainder when 2352319467 is divided by 90.
87
Calculate the remainder when 19451 is divided by 925.
26
What is the remainder when 455763 is divided by 91137?
78
Calculate the remainder when 164414 is divided by 164103.
311
Calculate the remainder when 185202 is divided by 20062.
4644
Calculate the remainder when 8814204 is divided by 4407102.
0
What is the remainder when 32678965 is divided by 18287?
96
What is the remainder when 41999 is divided by 952?
111
Calculate the remainder when 2027813 is divided by 337926.
257
What is the remainder when 1589795 is divided by 31?
22
Calculate the remainder when 13346887 is divided by 580293.
148
What is the remainder when 3890335 is divided by 972550?
135
Calculate the remainder when 4161326 is divided by 79.
1
Calculate the remainder when 193237 is divided by 193231.
6
Calculate the remainder when 73321 is divided by 6560.
1161
What is the remainder when 13102237 is divided by 828?
793
Calculate the remainder when 100157 is divided by 3386.
1963
Calculate the remainder when 9303318 is divided by 520.
518
What is the remainder when 117807 is divided by 58164?
1479
What is the remainder when 3121654 is divided by 167?
90
Calculate the remainder when 11277858 is divided by 2261.
2251
Calculate the remainder when 2046300 is divided by 227363.
33
Calculate the remainder when 5205442 is divided by 1284.
106
What is the remainder when 2001510 is divided by 116?
46
What is the remainder when 319525 is divided by 2476?
121
What is the remainder when 1087297 is divided by 27875?
172
What is the remainder when 92545 is divided by 2172?
1321
Calculate the remainder when 483878 is divided by 17278.
94
What is the remainder when 269700 is divided by 4645?
290
Calculate the remainder when 2812035 is divided by 966.
9
What is the remainder when 521676 is divided by 260809?
58
What is the remainder when 1119650 is divided by 366?
56
What is the remainder when 107968 is divided by 11943?
481
Calculate the remainder when 669835 is divided by 6119.
2864
Calculate the remainder when 960258 is divided by 4595.
4498
What is the remainder when 9241549 is divided by 16?
13
What is the remainder when 27632674 is divided by 9210891?
1
What is the remainder when 8602865 is divided by 61?
35
What is the remainder when 28754 is divided by 3576?
146
Calculate the remainder when 39333 is divided by 1116.
273
Calculate the remainder when 414578 is divided by 8230.
3078
Calculate the remainder when 947878 is divided by 52474.
3346
What is the remainder when 292423569 is divided by 1764?
1761
Calculate the remainder when 349620 is divided by 13.
11
What is the remainder when 1237153 is divided by 16486?
703
What is the remainder when 622812 is divided by 139?
92
Calculate the remainder when 703847 is divided by 140769.
2
Calculate the remainder when 5263087 is divided by 82.
81
Calculate the remainder when 763708 is divided by 610.
598
What is the remainder when 5848721 is divided by 64?
17
Calculate the remainder when 27251 is divided by 135.
116
What is the remainder when 598026 is divided by 66?
0
Calculate the remainder when 327633 is divided by 117.
33
Calculate the remainder when 672776 is divided by 695.
16
What is the remainder when 21324635 is divided by 21324536?
99
Calculate the remainder when 239294 is divided by 817.
730
Calculate the remainder when 612897 is divided by 306054.
789
Calculate the remainder when 2830568 is divided by 6.
2
Calculate the remainder when 479293 is divided by 773.
33
What is the remainder when 98202 is divided by 11?
5
Calculate the remainder when 1867514 is divided by 933747.
20
What is the remainder when 681842 is divided by 1049?
1041
Calculate the remainder when 3068596 is divided by 1426.
1270
What is the remainder when 155282948 is divided by 63?
44
What is the remainder when 1628320 is divided by 8?
0
Calculate the remainder when 133385 is divided by 11095.
245
What is the remainder when 173446621 is divided by 57815537?
10
What is the remainder when 3853441 is divided by 112?
81
What is the remainder when 233697 is divided by 46735?
22
Calculate the remainder when 7296818 is divided by 1042373.
207
Calculate the remainder when 304542 is divided by 7427.
35
Calculate the remainder when 32128300 is divided by 4589754.
22
What is the remainder when 5515304 is divided by 1838414?
62
What is the remainder when 45466320 is divided by 622?
608
What is the remainder when 798307 is divided by 265951?
454
What is the remainder when 4947318 is divided by 82455?
18
Calculate the remainder when 4265287 is divided by 5999.
5997
Calculate the remainder when 1192974 is divided by 397624.
102
What is the remainder when 1593943 is divided by 893?
831
What is the remainder when 692103 is divided by 1073?
18
What is the remainder when 311950 is divided by 115?
70
Calculate the remainder when 111062 is divided by 43.
36
Calculate the remainder when 557756 is divided by 11865.
101
Calculate th